 + -3 + (17 - (-21 + (21 - -29)))?
-26
What is the value of (-30 - -34) + (4 - 43) + -4?
-39
Evaluate (-5 - (-106 - -60)) + -18.
23
24 + 25 + (14 - 15 - 3)
45
-118 + (-33 - -7 - -259)
115
What is the value of (-82 + -20 - -58) + 2 + 17?
-25
What is the value of 24 + 39 + (13 - 8 - 17)?
51
Calculate -11035 + 11149 - (1 - -147).
-34
(1 - 8) + 7 + -4 + -11 + -8 + 44
21
What is 75 + 3 - (-19 + (-6 - 2) - -15)?
90
-20 - -228 - 87 - 121
0
What is (2 - 0) + -33 + -17024 + 17099?
44
What is 0 - (-2 - 0) - (3 + 3 + 19)?
-23
What is -2 - 6 - (2 + -121 + (-14 - (-21 - 9)))?
95
What is the value of (22359 - 22491) + (-2 - -2 - -8)?
-124
What is -28 - (35 + -52 + -35 + -5)?
29
What is the value of 3 - (-57 - -45) - (-90 - -3)?
102
-29 + (2 - 2) - (119 + -89 + -17)
-42
What is 2 - 14 - (37 - (57 - 34))?
-26
What is the value of (32 - (0 - (25 + -55))) + 38?
40
What is the value of -21 - (-15 + -11) - 14 - 32?
-41
(-258 - -223) + 17 + (-1 - -46)
27
What is the value of (57 - (28 - (-8 + 11))) + -27?
5
Calculate -53 - (55 - 180 - -67).
5
What is the value of (21 - 28 - -15) + -11 + 2 + -11?
-12
-160 - (-139 + 53 + -85)
11
Evaluate -5 - 27 - -31 - -53.
52
What is the value of -11 - (14 + -17) - (5 + -18)?
5
7 + -5 + (27 + -37 - (-5 - 0))
-3
What is (-4 + 2 - 44) + (-214 + 208 - (-1 + -3))?
-48
(3 - 1) + -9 + (-16 - (-4 + 1 - -14))
-34
What is 0 - ((0 - -1) + 110 + -96) - 29?
-44
Evaluate 2283 - 2265 - (-50 + (-1 + -3 - -8)).
64
-5 - (-4 + -17) - (78 - 69) - -83
90
What is the value of 4105 - 4075 - (-1 + -41)?
72
What is the value of -11 - (-12 + (43 - 83))?
41
Calculate (1002 + -994 - (14 + 1 - (4 + -2))) + -19.
-24
Evaluate 5 - (-4 + -3 + 5 + -6 + -59 + 70).
2
Evaluate -30 - (-35 - -3) - 19.
-17
What is the value of 15 - 0 - (4 + -1) - (1 + 12)?
-1
-6 + 0 - ((43 - (-12 + -8)) + -20)
-49
Evaluate -45 + 48 + (98 + -21 - (-1 - (0 - -4))).
85
Calculate 28 + (-11 - -2) - 36 - -54.
37
What is (-18 + (0 - -3) - 3) + 4 + (-2576 - -2608)?
18
Evaluate (-1636 - -1644) + (71 - (2 + -8 - -4)) + 6.
87
Evaluate (4 + 9 - 2) + 49 + 1 + 6.
67
(90 - (243 + -189)) + (7 - (-1 + (2 - 3)))
45
(-3 - ((2 - -23) + 52)) + 15
-65
70 + -3 - (2097 + -1970)
-60
-23 - 38 - (9 - (-8 + (7 - (-10 - -2))))
-63
What is the value of (28 + -21 - 27) + 0 + -4?
-24
-13 + 285 + -224 - (1 - 4 - -1)
50
Calculate -8 + (-26 - (-39 - -16)) + -26.
-37
What is the value of 12 + 5 + (28 - 29)?
16
Calculate 30 + -2 + (-558 - -560).
30
Calculate 6 + (-31 - (17 + 9 + -23)).
-28
Evaluate (46 - 30 - 44) + 40.
12
Calculate 21 + -227 + -243 + 325.
-124
What is the value of -16 + (-5 - -26 - (-21 + 45 + -14)) + 31?
26
Calculate (-4203 - -4248) + -2 + 2 + (-5 - -1).
41
What is the value of (-29 - -51) + 102 + -62?
62
What is 2659 - 2609 - (25 + -1)?
26
What is -8 + (-10 + 8 - 4 - -3 - -11 - 32)?
-32
3 - 22 - (7 + (-28 - -28) - 15)
-11
What is the value of (23 + 9 + -22 - (7 + -1)) + -35 + 0?
-31
-18 + 36 + -62 + -6 + -35
-85
What is the value of 86 + (-144 - -127) - 107?
-38
What is the value of -5 - (-15 - (7 + 1 - 5 - 15)) - -132?
130
Calculate 110 - (42 - -15) - 105.
-52
Calculate 22 - 2 - (-51 - (144 + -219)).
-4
What is the value of 3 - 6 - (26 - (-8 - (-4 - 2)))?
-31
What is -29 - (-140 - -132 - (-7 + -1 + -2))?
-31
What is the value of 62 + (1 - (3 - 0)) + (-152 - -144)?
52
What is 48 - (45 + (18 - 43))?
28
-38 + (54 - 39) + 48
25
What is the value of 49 + (-18 - -9) - -63 - (3 - (-2 + -1))?
97
What is -544 + 608 - (-3 - -133)?
-66
What is (-70 - 2) + 35 + -42 + -25?
-104
Evaluate (-9 - -1 - -1) + 39 + 20 + -147 + 85.
-10
What is 38 + (1 - (3 + 3) - (-10 + (4 - 3)))?
42
Calculate (-1 - (-1 - 24)) + 23 + 14 + -8 + -35.
18
(29 - 1) + (16 - 77) + -24
-57
10 + ((38 - 65) + 7 - (0 + -1)) - -53
44
What is (-34 - (-33 + 49)) + 30?
-20
105 + -108 - (1 + (2 - -10)) - -5
-11
Evaluate 5 + (-12 - -28 - 32) + -85.
-96
Evaluate -1750 - -1776 - (-1 - (-20 + 4)).
11
Evaluate 48 + (17 - 30) - (-9 + -5 - -32).
17
What is -22 - ((7 + -6 - 2) + 14)?
-35
14 + 1 + 5 + 49 + -33
36
Calculate (1 - 24) + (-58 + (-6 - -39) - -33).
-15
Evaluate 54 + (-25 - (3 + -16) - 0) - 4.
38
-2 + -9 + 50 + -67
-28
What is -38 + -1 - -17 - (38 - 154)?
94
What is the value of -26 + (-22 - 13) + 79?
18
Calculate 28 + -1 - (356 - (-7 + 208)).
-128
Calculate -55 + (15 - (-7 + 11) - (-34 - -38)).
-48
(7 - 0) + (23 - (-58 + 5 - (-112 - -98)))
69
What is the value of 4 - ((-25 - (-6 + 24)) + 18)?
29
What is 14 + (-123 + -80 + 73 - (2 + (0 - 3)))?
-115
What is the value of 6 - 1 - (10837 - 10745)?
-87
Evaluate (-2 - 1) + -11 + -34 + (-20 - -87) + 25.
44
What is 80 - (109 + -102 + (-4 - (3 + -8)))?
72
Evaluate 0 - 86 - ((-5 - -2) + (82 - 26) + -44).
-95
Calculate (-4 - -27) + (2898 - 2928).
-7
Calculate 15 + (-20 - 2) + 13 - (-24 + -1).
31
-12 + -1 + (39 - (-47 + 20))
53
What is 53 + -25 - (10 + -16 + 21)?
13
Evaluate 4 + -1 + (13 - 9) + 1 + 37.
45
What is the value of (93 - (24 - 30 - -51)) + 2?
50
What is the value of -1 + 61 + ((-11 - 9) + -1 - (64 + -93))?
68
Calculate (9 - -3) + (-14 - 12) + 15.
1
Calculate -42 + (5 + (-3 - -3) - (-259 - -257)).
-35
Evaluate 11 + 63 - (-1528 - -1523).
79
Evaluate -1 + 22 - ((-29 - (2 + -2)) + 61).
-11
What is (25 - (3 + 14 + -22 + 9)) + 7?
28
Calculate -47 - (-140 + -17 + 59).
51
Calculate 0 + (-68 + 113 - -29).
74
What is -74 + 38 + -1 + 1 + 14 + -15 + 11?
-26
-141 + 157 + (2 - -25) - -14
57
-60 + (81 - 47) + 67
41
0 + 11 + 7 + (33 - 17) + -34
0
2 + -3 + 0 + -154 + (-54 + 8 - -55)
-146
What is -14 + 1 + (0 - (6 + -2)) + -135 + 138?
-14
Calculate 1 + (-29 + 62 - -63).
97
Evaluate (-13 + 2 + 9 - 8) + 62 + 1.
53
(124 - 58 - 66) + -33
-33
What is 26 - (14 - (22 + -36 + 72))?
70
Evaluate -61 + 78 - (42 + 33).
-58
Evaluate 44 + -43 + -5 + (1 - -60) + 5 + -1.
61
What is -2 + (-59 - -2) + (-4161 - -4203)?
-17
What is the value of 42 + (40 + 27 - 83)?
26
What is the value of (0 - (3 + -1)) + 78 + (-1 + -9 - 27)?
39
What is (0 - (-1 - 0) - -18) + 14 + 2 + -22?
13
Evaluate -7 + -12 + 8 - (-85 + 50).
24
-2 + (-14 - -12) + (3 - -52) - (4 - 3)
50
What is the value of 18 + -42 + 51 + -29 + -1 + (-9 - 4)?
-16
What is (-21 - -8) + 95 + -52 + -23?
7
What is the value of (121 - 318) + 143 - (-19 - 2)?
-33
What is the value of (-239 - -100) + 11 + 226?
98
What is -6 + -72 - (-4 - (-11 + 11) - -8)?
-82
Calculate -30 + -66 + 120 + 4.
28
What is the value of -9 + (13 - (-7 + 20)) + -8?
-17
Evaluate -53 + 8 + (6 - (15 + -9)) + -23.
-68
Evaluate 52 - (24 - -24 - (-1 + 21)).
24
Evaluate -37 + (-32 - -26) + 45 + (77 - -1).
80
What is the value of -37 + -18 + 31 + 21 - -67?
64
Calculate -26 - (-26 + (9 - 21) + 0).
12
Calculate -28 + 21 + -24 - 4.
-35
What is the value of -17 - -18 - ((-10 - (-2 + 5) - -4) + 38)?
-28
What is the value of (112 + -44 - (3 + -2 + -5 + 7)) + 10?
75
3 + (25 - 15 - (2 - 10))
21
What is 42 + -82 + -11 + 11?
-40
-8 + (-28 - (4 + (-4 - -3) + -6 + 3))
-36
Calculate (146 - 163) + (48 - 3).
28
What is 5 + (30 + 36 + -11 - 42)?
18
Calculate 425 + -423 + (-1 - 55 - 2 - 0) - 5.
-61
What is 0 - ((7 - -1) + -102 + 22 + -15) - -12?
99
Evaluate -2 + 14 + -24 + 65 + -75.
-22
Calculate -68 + 29 - (-10 - (5 - 2) - (-12 - -5)).
-33
What is the value of -9 + (24 - 100) - 4?
-89
What is -95 + 2 + (-11 - -114 - 79)?
-69
What is the value of 84 + -172 - (-10 + -87)?
9
Calculate (-28 - 2) + (-36 - (-89 - 20)).
43
What is -3765 - -3750 - (35 - 0)?
-50
Calculate 36 - (15 + -19 + -10 + -5 + 2).
53
Evaluate 412 - 489 - (-132 + 6).
49
Calculate -48 + 101 + (48 - (22 - 9)).
88
Calculate (19 - 2 - 8) + (0 - (2 - -24)).
-17
Calculate -11 - (56 + -92) - (3 - -21).
1
38 + (-5 + 2 - -16) + -28 + (7 - -1)
31
Calculate 32 + -29 + 6 + -25 + -4.
-20
Evaluate -4 - (38 + (20 - -25) + -21).
-66
What is -3 + -49 + 26 + 23 - -81?
78
What is the value of -1 + 30 - (177 + (-22 - 81))?
-45
153 - 104 - (9 - (-8 + 8 + -4))
36
Calculate (-7 - -139) + -237 + 197.
92
Evaluate (26 - 50) + -16 + -3 + -10.
-53
69 - (42 - (50 - 128))
-51
Calculate 42 + -28 + (0 - (-5 + 20 - 2)) - -76.
77
What is the value of (-140 - -70) + 180 + -52?
58
What is the value of 0 + -126 + -249 + 439 + -147?
-83
15 + (-140 + 147 - (0 + 3))
19
476 + -573 - (7 + -173)
69
Evaluate -11 + 78 + (-1 + 0 + -5 + 3 - 9).
55
Calculate -4 + 17 - (-98 - -83 - (-17 - 0)) - 85.
-74
What is -16 - ((-12 - (